h) = -416*h**3 - 3*h**2 - 3*h - 2. What are the prime factors of r(-1)?
2, 3, 23
Let w = 23 - 2. List the prime factors of (-6)/w - (-774)/14.
5, 11
Suppose 112*z - 19646 = 101*z. What are the prime factors of z?
2, 19, 47
Let o(p) be the second derivative of p**5/20 + 5*p**4/4 - 7*p**3/2 - 39*p**2/2 - 14*p. List the prime factors of o(-16).
41
Let a(y) = -260*y + 13*y**2 + 11 - 2*y**3 + 3*y**2 + y**3 + 245*y. Suppose 24 = o - 3*j, 2*o = 2*j - 10 + 46. List the prime factors of a(o).
11
Let g = -388 - -743. What are the prime factors of g?
5, 71
Suppose 3*q = -2*j + 4*j + 6, -5*q + 29 = 3*j. What are the prime factors of (-1)/j - 2748/(-36)?
2, 19
Suppose 5*v - 8298 = -t, 0 = 9*v - 10*v - 5*t + 1650. List the prime factors of v.
2, 5, 83
Let p(o) = o**2 - 20. Let t be p(-19). Suppose -r + a = -85, r - 5*r + 3*a + t = 0. What are the prime factors of r?
2, 43
Suppose -3*k + 2*y = 6*y - 18, -2*k + 5*y + 12 = 0. Let i be (18/12)/(k/(-16)). What are the prime factors of 1701/99 + i/22?
17
Let w(j) = 2*j - 6. Let c be w(3). Let x = 0 - c. Suppose x = 4*s - 10 - 38. List the prime factors of s.
2, 3
Let i = -770 + 1068. List the prime factors of i.
2, 149
Let t(x) = x**2 - 9*x - 16. Let f be t(11). Let r(k) = 4*k - 20. Let i be r(f). Suppose 130 = 2*p - 3*y, -i*y + 5*y + 130 = 2*p. List the prime factors of p.
5, 13
Let p(m) = 109*m**2 + 10*m - 45. List the prime factors of p(4).
37, 47
Let g = 114 - 111. Suppose 90 = g*z - 105. What are the prime factors of z?
5, 13
Let d(v) = 2 + 322*v - 8 - 373*v. List the prime factors of d(-2).
2, 3
Suppose 195 - 1810 = -5*v. Let n = -211 + v. What are the prime factors of n?
2, 7
Let g(c) = c**3 - 9*c**2 + 12*c + 6. What are the prime factors of g(11)?
2, 5, 19
Suppose -4 = -4*m + 8*m. Let o be (12/2)/2 + m. List the prime factors of ((-33)/o)/((-5)/10).
3, 11
List the prime factors of (-1641)/(-5) + (-15)/(225/(-12)).
7, 47
Suppose 82*t - 87*t + 2060 = 0. List the prime factors of t.
2, 103
Suppose 3*y + 4*o - 3501 = 2814, -2*y + 4210 = -3*o. List the prime factors of y.
5, 421
Let w = -2207 + 3949. List the prime factors of w.
2, 13, 67
Let y be 14 + -7 - 2/(-1). Let h(b) = -2 + 2*b - b**3 + 3*b + y*b**2 + 6 - 4*b**2. List the prime factors of h(5).
29
Suppose -2*l + 400 = 3*h, -5*h + 674 = 12*l - 16*l. List the prime factors of h.
2, 67
Let r = 657 - -1282. What are the prime factors of r?
7, 277
Let r = -43 - -53. Let p = r - -69. List the prime factors of p.
79
Let w = 6 - 18. Let i = w + 26. List the prime factors of 472/i + 6/21.
2, 17
Suppose -41 = -5*x + 4*n, 4*n - 7 + 3 = 0. What are the prime factors of x*8/(-10)*-10?
2, 3
Let x be (1 - 9)/(-1 + -1). Let n = -10 + x. Let v(w) = -w**3 - 5*w**2 + 2*w - 5. List the prime factors of v(n).
19
What are the prime factors of 121/((5 - 3) + -1)?
11
Suppose 3*z - 6*b + b - 3879 = 0, -3879 = -3*z + 2*b. List the prime factors of z.
3, 431
Suppose -2*b + 5*b = 0. Let j = 2 - b. Suppose 5*x - 32 = -2*a, 0 = a + j*a + x - 74. What are the prime factors of a?
2, 13
Suppose 26 = 5*q + c, 5*q - 17 = -2*c + 10. Suppose -5*z + 25 = -q. Suppose -16*i = -14*i - z. What are the prime factors of i?
3
Let z(v) = 56*v**2 + v - 1. Let h be ((-2)/(-4))/((-1)/(-2)). List the prime factors of z(h).
2, 7
Let c = 1172 + -267. List the prime factors of c.
5, 181
Suppose -2*n + 62 + 552 = 0. What are the prime factors of n?
307
Let g(b) = -68*b + 553. What are the prime factors of g(-24)?
5, 19, 23
Suppose -2*b - b - 27 = 0. Let f = 14 - b. Let p = -15 + f. What are the prime factors of p?
2
Let m(p) = -3*p + 11. Suppose -2*b = -3*v - 11, v + 3*v + 4*b + 28 = 0. List the prime factors of m(v).
2, 13
Suppose 55 - 7 = -3*w. Let c be w/(-9) - 2/(-9). Suppose -3*n = c*n - 15. What are the prime factors of n?
3
Let c(b) = b**2 - b - 3. Let w be (-3)/(-9)*(8 + 1). Let q be c(w). Suppose 3*h + 5*x - 113 = -37, h + q = 4*x. What are the prime factors of h?
17
List the prime factors of 25/(-150) - 2/(24/(-2702)).
3, 5
Suppose 94*j + 1151 = 95*j. What are the prime factors of j?
1151
Let l = 162 - 139. What are the prime factors of l?
23
What are the prime factors of 1780/6 - (-6)/(-9)?
2, 37
Let g = 5242 - 2303. List the prime factors of g.
2939
Suppose 27*y + 22608 = 130716. What are the prime factors of y?
2, 7, 11, 13
Suppose 80648 + 59527 = 15*s. What are the prime factors of s/40 - (-3)/8?
2, 3, 13
Let d = -92 + 99. Let o be -2*(2 - (2 - -2)). Suppose -o*w = -3*m - d, m + 17 = 3*w + 2*w. What are the prime factors of w?
2
Let a = -2012 + 3453. List the prime factors of a.
11, 131
Let k(v) = -84*v - 33. What are the prime factors of k(-9)?
3, 241
List the prime factors of -7 + -2 + 7 + 1121.
3, 373
Let v(k) = k**3 + 7*k**2 + 7*k + 8. Suppose 2*f - 3*f - 6 = 0. Let p be v(f). Suppose -4*w - 3*o + 51 = 0, -w + p*o - 1 = -0*w. List the prime factors of w.
3
Suppose 4*u = 2*f + 8, -6*u + 3*f + 12 = -2*u. Suppose -m + 14 + 33 = u. List the prime factors of m.
47
Let i = 2980 - 1367. What are the prime factors of i?
1613
Let p(h) = h**3 + 17*h**2 + 17*h + 19. Let t be p(-16). Suppose i = 2*r - r + 1, -t*i + 1 = -4*r. What are the prime factors of i?
3
Let a(d) = -28*d + 1. Let o(k) = k**2 - 7*k - 22. Let q be o(9). What are the prime factors of a(q)?
113
Suppose 7329 = 4*c - z, -5*z + 7668 - 345 = 4*c. What are the prime factors of c?
2, 229
Let g(q) = -8*q - 1. Let k be g(-3). Suppose 2*h = 33 - 27. Suppose 4 = h*t - k. List the prime factors of t.
3
Suppose -2*i - 3*u = 10, u + 11 = 5*i + 2. List the prime factors of (303/(-36)*3)/(i/(-4)).
101
Suppose 2*o - 678 - 146 = 0. Suppose m - o = -3*m. What are the prime factors of m?
103
Suppose 2*j - 1235 = -319. What are the prime factors of j?
2, 229
Suppose 2*s + 2*s - 34 = 5*g, 3*g = -2*s + 6. Suppose s = -3*y + y. What are the prime factors of 60 - (-6 - 3)/y?
3, 19
What are the prime factors of (738/(-30))/((-2)/50)?
3, 5, 41
Let p = 3572 - 2136. List the prime factors of p.
2, 359
Suppose v = -4*v + 50. Let u = v - -5. Suppose 8*d - 3*d - u = 0. What are the prime factors of d?
3
Let q(t) = -12*t + 1. Let f(z) = z**2 + z + 4. Let k be f(0). Suppose 0 = -k*h - 4, 4*h + 3 - 2 = 3*a. List the prime factors of q(a).
13
Let f = -56 + 66. Let t(l) = 2*l**2 - 4*l - 12. What are the prime factors of t(f)?
2, 37
Let m = -85 + 626. Suppose m = 9*j - 2006. What are the prime factors of j?
283
Suppose 4*f - 6*g - 24 = -2*g, -3*g = 4*f + 4. Suppose v = 3*c + 55 + 74, -5*v + 645 = f*c. List the prime factors of v.
3, 43
Let c(g) = -3*g + 3. Let x be c(3). Let j = x - -6. Suppose -4*b + 33 + 23 = j. What are the prime factors of b?
2, 7
Suppose 0 = -0*l - l + 7. Let w = l + -16. Let s(d) = -3*d - 7. What are the prime factors of s(w)?
2, 5
Let z = -671 + 782. List the prime factors of z.
3, 37
Let v be (-16)/(-6) + (-2)/3. Suppose v*d = d. Suppose 4*p = -d*p + 28. What are the prime factors of p?
7
Let r = 936 - 483. List the prime factors of r.
3, 151
Let z(t) = -2*t**2 + 23*t - 15. Let y be z(6). What are the prime factors of (3 - y/9)*(-15 + 3)?
2
Suppose 0 = -i - 6*i + 7. Let m = 23 + -16. What are the prime factors of -2 + (m/i - -2)?
7
Let x be -2 - (5 + -3 - -3*1). Let p(w) = -w**3 - 5*w**2 + 3*w - 1. What are the prime factors of p(x)?
2, 19
Suppose -172 = 16*m - 12*m. Let d = m - -207. List the prime factors of d.
2, 41
Let d(c) = c**2 - 7*c + 2. Suppose -o - 4*o + 40 = 0. Let x be d(o). Suppose 5*q = x - 0. What are the prime factors of q?
2
Let q(h) = 199*h**2 + 10*h + 8. Let i(v) = -299*v**2 - 15*v - 12. Let a(x) = -5*i(x) - 7*q(x). List the prime factors of a(-1).
101
List the prime factors of 2307 + (-9)/((-81)/(-63)).
2, 5, 23
Suppose 13368 = 21*z - 5280. List the prime factors of z.
2, 3, 37
Suppose k = -q - 127, 0 = -5*q - 9*k + 8*k - 651. Let y = q + 238. List the prime factors of y.
107
Let q(s) = 8*s**2 - 41*s + 45. Let d(i) = -13*i**2 + 62*i - 68. Let m(v) = 5*d(v) + 8*q(v). Let k be (32/6)/(2/(-6)). List the prime factors of m(k).
2, 13
Let t(k) = 9*k + 4. Let n be t(-3). Let w(h) = h**2 + 42. Let x be w(0). Let f = n + x. What are the prime factors of f?
19
Let d(s) = 5*s - 24. Let t(y) = y**3 - 32*y**2 + 6. Let c be t(32). What are the prime factors of d(c)?
2, 3
Let i(q) = -8*q**3 - 5*q**2 - 3. Let y(t) = 9*t**3 + 4*t**2 - t